{"id":524,"date":"2024-11-05T17:08:58","date_gmt":"2024-11-05T17:08:58","guid":{"rendered":"https:\/\/illusioland.fr\/infos\/?post_type=product&#038;p=524"},"modified":"2024-11-10T17:40:31","modified_gmt":"2024-11-10T17:40:31","slug":"votre-plaque-sur-le-photocall-du-magic-palace","status":"publish","type":"product","link":"https:\/\/illusioland.fr\/infos\/index.php\/produit\/votre-plaque-sur-le-photocall-du-magic-palace\/","title":{"rendered":"Votre plaque sur le Photocall du Magic Palace"},"content":{"rendered":"<p><img loading=\"lazy\" decoding=\"async\" class=\"wp-image-525 aligncenter\" src=\"https:\/\/illusioland.fr\/infos\/wp-content\/uploads\/2024\/11\/photocall-illusioland-artiste-300x171.webp\" alt=\"\" width=\"561\" height=\"320\" srcset=\"https:\/\/illusioland.fr\/infos\/wp-content\/uploads\/2024\/11\/photocall-illusioland-artiste-300x171.webp 300w, https:\/\/illusioland.fr\/infos\/wp-content\/uploads\/2024\/11\/photocall-illusioland-artiste-1024x585.webp 1024w, https:\/\/illusioland.fr\/infos\/wp-content\/uploads\/2024\/11\/photocall-illusioland-artiste-768x439.webp 768w, https:\/\/illusioland.fr\/infos\/wp-content\/uploads\/2024\/11\/photocall-illusioland-artiste-1536x878.webp 1536w, https:\/\/illusioland.fr\/infos\/wp-content\/uploads\/2024\/11\/photocall-illusioland-artiste-600x343.webp 600w, https:\/\/illusioland.fr\/infos\/wp-content\/uploads\/2024\/11\/photocall-illusioland-artiste.webp 1792w\" sizes=\"(max-width: 561px) 100vw, 561px\" \/><\/p>\n<p>&nbsp;<\/p>\n<p>&nbsp;<\/p>\n<p><strong>Votre Plaque au Photocall du Magic Palace : Rejoignez l\u2019Exclusivit\u00e9<\/strong><\/p>\n<p>Imaginez votre nom en lettres d\u2019or, grav\u00e9 sur le mur d\u2019accueil le plus prestigieux du Magic Palace. En r\u00e9servant votre plaque nominative, vous gagnez une place d&rsquo;honneur dans l\u2019univers du spectacle et de l\u2019\u00e9l\u00e9gance, aux c\u00f4t\u00e9s des plus grands talents et partenaires du moment.<\/p>\n<p>Avec votre plaque sur notre photocall, vous b\u00e9n\u00e9ficiez de :<\/p>\n<ul>\n<li><strong>Une Visibilit\u00e9 Privil\u00e9gi\u00e9e<\/strong> : \u00c0 chaque \u00e9v\u00e9nement, votre plaque capte le regard de tous les invit\u00e9s et photographes d\u00e8s leur arriv\u00e9e, assurant une visibilit\u00e9 unique pour votre image de marque.<\/li>\n<li><strong>Une Signature de Luxe<\/strong> : Votre nom sera inscrit sur une plaque dor\u00e9e, int\u00e9gr\u00e9e \u00e0 un d\u00e9cor de haute qualit\u00e9, symbole de sophistication et d\u2019exclusivit\u00e9.<\/li>\n<li><strong>Une Opportunit\u00e9 de Connexion<\/strong> : En \u00e9tant au c\u0153ur de l\u2019espace d\u2019accueil, vous cr\u00e9ez un point de rencontre avec d\u2019autres talents, influenceurs et personnalit\u00e9s.<\/li>\n<\/ul>\n<p>Optez pour une pr\u00e9sence marquante sur le photocall du Magic Palace. Rejoignez-nous dans cet espace de prestige, o\u00f9 chaque nom brille dans un cadre enchanteur et o\u00f9 chaque instant devient un souvenir m\u00e9morable.<\/p>\n<p>&nbsp;<\/p>\n<p>&nbsp;<\/p>\n<p>&nbsp;<\/p>\n<p>&nbsp;<\/p>\n<p>&nbsp;<\/p>\n<p>&nbsp;<\/p>\n","protected":false},"excerpt":{"rendered":"<p>R\u00e9servez votre plaque nominative au photocall du Magic Palace pour une visibilit\u00e9 prestigieuse et exclusive. Soyez au c\u0153ur des \u00e9v\u00e9nements, entour\u00e9 des plus grands talents et personnalit\u00e9s.<\/p>\n","protected":false},"featured_media":526,"comment_status":"open","ping_status":"closed","template":"","meta":{"saved_in_kubio":false},"product_cat":[212],"product_tag":[],"class_list":{"0":"post-524","1":"product","2":"type-product","3":"status-publish","4":"has-post-thumbnail","6":"product_cat-contribution-illusioland","8":"first","9":"instock","10":"shipping-taxable","11":"purchasable","12":"product-type-simple"},"jetpack_sharing_enabled":true,"_links":{"self":[{"href":"https:\/\/illusioland.fr\/infos\/index.php\/wp-json\/wp\/v2\/product\/524","targetHints":{"allow":["GET"]}}],"collection":[{"href":"https:\/\/illusioland.fr\/infos\/index.php\/wp-json\/wp\/v2\/product"}],"about":[{"href":"https:\/\/illusioland.fr\/infos\/index.php\/wp-json\/wp\/v2\/types\/product"}],"replies":[{"embeddable":true,"href":"https:\/\/illusioland.fr\/infos\/index.php\/wp-json\/wp\/v2\/comments?post=524"}],"wp:featuredmedia":[{"embeddable":true,"href":"https:\/\/illusioland.fr\/infos\/index.php\/wp-json\/wp\/v2\/media\/526"}],"wp:attachment":[{"href":"https:\/\/illusioland.fr\/infos\/index.php\/wp-json\/wp\/v2\/media?parent=524"}],"wp:term":[{"taxonomy":"product_cat","embeddable":true,"href":"https:\/\/illusioland.fr\/infos\/index.php\/wp-json\/wp\/v2\/product_cat?post=524"},{"taxonomy":"product_tag","embeddable":true,"href":"https:\/\/illusioland.fr\/infos\/index.php\/wp-json\/wp\/v2\/product_tag?post=524"}],"curies":[{"name":"wp","href":"https:\/\/api.w.org\/{rel}","templated":true}]}}